 + 9 = 4*b - 5*m. Let g(x) = 68*x - 2. Calculate the remainder when g(b) is divided by 34.
32
Let y = 7 + 8. Suppose 5*u = 20 + y. Suppose u*g - 75 = 2*g. Calculate the remainder when 42 is divided by g.
12
Let v = 1963 + -1737. Calculate the remainder when v is divided by 40.
26
Let m(s) = -42*s**2. Let y be m(1). Let f be (-8)/6 - 140/y. Suppose -f*b + 2*d + 2*d = -12, -2*b - 4*d + 4 = 0. Calculate the remainder when 9 is divided by b.
1
Let t be 57/5 - (-60)/100. Suppose -3*o = -t, -5*h + o + o + 47 = 0. Calculate the remainder when 11 is divided by (10/(-4))/(h/(-22)).
1
Let x(b) = -b. Let l be x(-1). Suppose q - l = w - 4, 0 = 2*w + 4*q - 36. Calculate the remainder when (1/1)/((-7)/(-98)) is divided by w.
6
Suppose -5 = -5*r, 9 = -4*u + u + 3*r. Let n(x) = x**3 - 11*x**2 + 11*x + 5. What is the remainder when u/(-6) - 510/(-9) is divided by n(10)?
12
Suppose 0 = -16*q - 43 + 155. Calculate the remainder when 188 is divided by q.
6
Suppose -2*c = -4*x + 24, 2*x + 5 = -3*x. Let v = -2 - c. Calculate the remainder when 34 is divided by v.
10
Suppose -38 = -2*n - 2*p, 2*n + 10*p - 18 = 12*p. Let i = 68 + -44. Calculate the remainder when i is divided by n.
10
Let d(v) = 2*v**3 - 14*v**2 + 12*v + 29. What is the remainder when d(9) is divided by 42?
41
Suppose b - 38 = 5. Let w be 7 + 3/(-6)*6. Calculate the remainder when b is divided by 360/16 + 2/w.
20
Let d(n) = 5*n + 2. Let s(p) = p**3 - 8*p**2 - 20*p - 3. Let u be s(10). Calculate the remainder when d(2) is divided by (u + 92/12)/(4/6).
5
Suppose 0 = 4*w - 6*g + 2*g - 272, -4*g = 3*w - 169. Calculate the remainder when w is divided by 32 - (2 - (-3)/(-1)).
30
Suppose -5*g - 173 = -2*o, -4*o = -5*o + 4*g + 88. Suppose 5*b - 6 = o. What is the remainder when 51 is divided by b?
15
Suppose 7*y = 6*y. Suppose -d + 14 = w, y*w + 3*d = -4*w + 52. Suppose 0 = -b + 24 + 14. Calculate the remainder when b is divided by w.
8
Let g(s) = 13*s**2 + 9*s + 10. Calculate the remainder when g(4) is divided by 64.
62
Suppose d + 1 = 10. Suppose -4*q - 2*c + 50 = -7*c, -5*q + 83 = 4*c. What is the remainder when q is divided by d?
6
Calculate the remainder when 457 is divided by (-1 - (-4)/6)*(11 + -137).
37
Let o = -289 + 311. What is the remainder when 504 is divided by o?
20
Let h = 0 + -2. Let c(f) = -2*f**3 - 4*f - 5. Suppose 3*x - 17 = 13. What is the remainder when c(h) is divided by x?
9
Let n(h) = -2*h**2 + 10*h + 20. Let f be n(-10). Let y = f + 466. What is the remainder when y is divided by 48?
42
Suppose -2*m - 65 - 67 = 0. Let d = m - -87. Calculate the remainder when d is divided by 11.
10
Let w be (-1)/(-2) + (-95)/(-10). Let q = -14 + w. Let f(v) = 2*v**2 + 4*v. Calculate the remainder when 63 is divided by f(q).
15
Suppose s - 6632 = -4*j, -7*j + 3*s - 1669 = -8*j. What is the remainder when j is divided by 83?
80
Let x = 60 + -52. What is the remainder when (24/20)/3*35 is divided by x?
6
Suppose -2*x + 54 = x. Let f(m) = 4 + m + x + 10 - 8. Calculate the remainder when 93 is divided by f(0).
21
Let p = 184 + -72. Suppose 3*t + 2*q - 99 = -q, -5*q + 107 = 3*t. What is the remainder when p is divided by t?
25
Let s(y) = y**2 - 7*y - 60. Calculate the remainder when 315 is divided by s(14).
11
Suppose -p - 8 = -5*p. Let r(q) = -q**p + 0*q + 4*q + 5 + 2*q. What is the remainder when 15 is divided by r(6)?
0
Suppose 0 = -29*m + 3123 + 2735. Calculate the remainder when m is divided by 11.
4
Let d = 32 - 28. Let f be (d - 1) + (16 - 20). Calculate the remainder when 5 is divided by ((-4)/(-12))/(f/(-12)).
1
Let k = -6 - -8. Suppose -3*a + 12 = -k*a - 3*m, -3*m = 15. Let v = 69 - a. Calculate the remainder when v is divided by 15.
12
Suppose -3*l - 210*g + 206*g + 1287 = 0, -1697 = -4*l + g. Calculate the remainder when l is divided by 212.
1
Let a be (1 - 535/(-5)) + -4. Suppose 2*r - 4*t - a = 0, t - 153 = -4*r - 2*t. Calculate the remainder when r is divided by 22.
20
Suppose 3*m - 57 = -k, 0 = -0*m - m - 5. Calculate the remainder when k is divided by 20.
12
Calculate the remainder when 125 is divided by (-2 + 9/18)/(3/(-30)).
5
Suppose 7*i - 3*i + w - 567 = 0, 133 = i + 2*w. Calculate the remainder when i is divided by 37.
32
Let g(w) = -w**3 + 7*w**2 + 5*w - 26. Calculate the remainder when 111 is divided by g(6).
31
Let n(m) = -19*m - 15. Let c be n(-4). Suppose 13 = -8*g + c. Suppose -5*w + 16 = -k, 3*w - 10 = -w - 2*k. What is the remainder when g is divided by w?
0
Suppose 1 = 4*l - 15. Let p(j) be the third derivative of j**6/120 - j**5/15 + j**4/6 - j**3/6 - 2*j**2. Calculate the remainder when l is divided by p(3).
0
Suppose -30 = 17*a - 2*a. Let x = a - -13. Suppose 2*i - 56 = -3*n + i, 0 = -3*n - 3*i + 54. Calculate the remainder when n is divided by x.
8
Let p = 265 + -189. Calculate the remainder when p is divided by 20.
16
Suppose 2*r - 2 = 0, r - 3*r + 32 = 2*a. Suppose -z + 0*z = -4*k - 12, 2*z = -k + a. Calculate the remainder when 94 is divided by z.
6
What is the remainder when (-3*1)/(120/(-160)) is divided by 4?
0
Let w be 4/(-1) + (15 - 37). Let g = w - -35. What is the remainder when 12/(-54) - (-893)/g is divided by 25?
24
Let b(v) = 9. Let t(g) = g - 17. Let j(z) = 9*b(z) + 4*t(z). What is the remainder when 134 is divided by j(8)?
44
Let w(m) = -m**2 + 4*m + 12. Let p be w(6). What is the remainder when 9 is divided by p + 3 + -2 - -3?
1
What is the remainder when 2/(-8) - (-625)/20 is divided by 4*(4/6 - 44/(-33))?
7
Let f(j) = j + 9. Let i be 13/(-3) - 12/18. Calculate the remainder when 6 is divided by f(i).
2
Let u(d) = -87*d - 2. Suppose 6*x + 5*w = 5*x + 4, 3*x = w + 92. What is the remainder when u(-2) is divided by x?
27
Suppose 0*i = -2*i - m - 2, 3*i + 9 = -3*m. Suppose 0 = -5*r + 15, 5*r - 18 = -2*u + 7. Suppose 13 = u*k + 8. What is the remainder when i is divided by k?
0
Let m(b) = 9*b**2 + 7*b + 5*b - 7*b**2 + 7. Let k be m(-8). Suppose k = 4*y - 5. Calculate the remainder when 30 is divided by y.
8
Suppose 0 = -5*r - 4*o + 3*o - 5, -3*o + 5 = -5*r. Let t be r*(1 + -4) + 1. Suppose 0 = t*y + y - 45. Calculate the remainder when y is divided by 3.
0
Suppose 0 = 2*u + 7 - 137. What is the remainder when u is divided by 30?
5
Suppose -5*k = -4*a - 119, k - 3*k - 3*a = -66. Calculate the remainder when k is divided by (-8 + (0 - -1))*-1.
6
Suppose -22*w = -20 - 332. What is the remainder when w is divided by 4?
0
Let b(h) = -5*h + 96. What is the remainder when 91 is divided by b(13)?
29
Let j = 189 - 99. Let b = j - 79. What is the remainder when -2*(-2)/4 - -50 is divided by b?
7
Suppose 0*i + 4*i - 60 = 0. Let r be (-32 - (3 + 0)) + -2. Let s = 22 - r. What is the remainder when s is divided by i?
14
Let b(r) = 4*r**2 + 42*r + 21. What is the remainder when b(-12) is divided by 43?
7
Suppose z = 5*m - 2913, -3*z - 588 = -m - z. Calculate the remainder when m is divided by 53.
52
Let n = 51 + -37. Suppose -4*w = 3*w - n. Calculate the remainder when 9 is divided by w.
1
Let s be 10/4 - (-4)/(-8). Suppose 0 = -3*a - s*a + 55. Suppose b = -5*z + 59 - 43, 4*z + 4 = -5*b. Calculate the remainder when a is divided by z.
3
Suppose 2*j + 4*x - 218 = 0, 4*j - j = x + 355. Calculate the remainder when j is divided by 15.
12
Let w(i) = 3*i**3 - i**2 + 2*i + 3. Suppose -84 = -2*y - 5*d, -96 = -5*y + 7*d - 3. What is the remainder when w(4) is divided by y?
25
Suppose 0 = 5*f + 7 - 47. Suppose 4*w + 5*z = 35, 0*w - 2*z + f = w. What is the remainder when w is divided by 2?
0
Let z(x) = x**3 + x**2 + 2*x + 24. Suppose 0*h + 3*h - 9 = 0. Let r(c) = 23*c + 2. What is the remainder when r(h) is divided by z(0)?
23
Suppose 114 = 13*v - 68. Calculate the remainder when 754 is divided by v.
12
Calculate the remainder when 120 is divided by ((-32)/(-3))/((-15)/(-45)).
24
Let l = 1035 - 772. What is the remainder when l is divided by 56?
39
Calculate the remainder when 2 + (9 + -2)*1001/13 is divided by 17.
14
Suppose -5 = 2*x - x, -2*t + 190 = -4*x. Suppose 5*r + 0*r = t. Calculate the remainder when (4/(-5))/((-27)/1620) is divided by r.
14
Let p(t) = -28*t + 267. Calculate the remainder when 70 is divided by p(9).
10
Suppose -8*z + 6 = -6*z. Suppose 3 = u - z. What is the remainder when (4/(-2))/(u/(-57)) is divided by 6?
1
Suppose -14*h = 10*h - 144. What is the 